
7
Let l(r) = r**2 - 16*r + 88. Give l(8).
24
Let x(m) = -2*m**2 + 17*m + 17. Determine x(-1).
-2
Let f(x) = -2*x**3 + 69*x**2 + 33*x + 70. Determine f(35).
0
Let n(q) = q**2 + 14*q + 28. Determine n(-9).
-17
Let u(z) = 2*z**2 + 11*z + 9. Give u(-6).
15
Let g(q) = q - 2. Calculate g(29).
27
Let o(q) = -2*q**3 - 15*q**2 - 18*q - 5. Determine o(-6).
-5
Let k(u) = -5*u**2 - 2*u. Give k(-1).
-3
Let m(r) = -r**3 - 12*r**2 + 15*r. Give m(-13).
-26
Let u(a) = a**2 + 9*a - 60. Calculate u(-14).
10
Let y(p) = -p**2 + 8*p - 1. What is y(7)?
6
Let s(q) = -q**2 + 3*q - 3. Give s(0).
-3
Let s(u) = -u**3 - 17*u**2 - 17*u - 16. Calculate s(-16).
0
Let k(h) = -17*h - 1. What is k(-2)?
33
Let k(f) = f + 17. Determine k(-7).
10
Let t(k) = -k**2 - 3*k + 7. What is t(-6)?
-11
Let x(f) = 4*f**3 - f**2 - 2*f - 1. What is x(-1)?
-4
Let m(k) = 44*k**2 + 2*k + 1. Determine m(1).
47
Let z(a) = a**2 - 17*a + 49. Give z(17).
49
Let g(m) = m**3 + 9*m**2 - 7*m + 22. Determine g(-10).
-8
Let l(a) = a**2 + 10*a - 21. Calculate l(-12).
3
Let t(n) = -5*n - 14. Calculate t(-11).
41
Let q(o) = 11*o - 5. What is q(5)?
50
Let n(z) = -22*z - 94. What is n(-10)?
126
Let m(x) = x**2 + 14*x - 6. Give m(-14).
-6
Let u(f) = 4*f**2 + f + 4. Calculate u(-4).
64
Let g(m) = m**3 - 5*m**2 + m - 2. Give g(4).
-14
Let c(q) = -q**2 + 11*q + 9. What is c(7)?
37
Let h(j) = j**2 + 9*j - 5. Calculate h(6).
85
Let h(v) = 3*v - 1. Give h(1).
2
Let p(m) = -17*m**3 - 20*m - 19. What is p(-1)?
18
Let b(j) = -j**3 - 5*j**2 + 2*j + 7. Determine b(-6).
31
Let n(h) = -h**3 - 3*h**2 + 3*h + 4. Give n(-3).
-5
Let w(n) = -n**3 - 4*n**2 + 14*n - 6. What is w(-7)?
43
Let r(t) = -t**2 + 6*t - 1. Calculate r(6).
-1
Let h(t) = -3*t**2 - 19*t - 3. Give h(-6).
3
Let j(c) = -c**2 + 7*c - 32. Calculate j(6).
-26
Let x(k) = -14*k - 319. Calculate x(-23).
3
Let b(j) = j**3 - 11*j**2 - 42*j + 16. Calculate b(14).
16
Let q(x) = -58*x - 344. Calculate q(-6).
4
Let n(m) = 6*m - 63. Give n(10).
-3
Let x(t) = t**3 - 7*t**2 - 12*t + 48. Give x(8).
16
Let v(d) = d**2 + 7*d - 24. What is v(-11)?
20
Let s(m) = -m**2 - 8*m - 4. Give s(-8).
-4
Let a(z) = -2*z**3 + 19*z**2 + 8*z + 19. What is a(10)?
-1
Let m(c) = -c**3 - 3*c**2 - 3*c - 17. What is m(-4)?
11
Let h(a) = -5*a + 173. What is h(35)?
-2
Let z(a) = -54*a**3 + a**2 - a - 2. Calculate z(-1).
54
Let s(o) = 147*o**3 - 2*o**2 - o + 2. Determine s(1).
146
Let u(g) = g**3 - 15*g**2 - 13*g + 20. What is u(16)?
68
Let z(u) = u**2 - 13*u + 11. Give z(10).
-19
Let i(j) = j**2 + 6*j - 13. Calculate i(-8).
3
Let t(x) = 2*x**3 + 14*x**2 + x - 14. Determine t(-7).
-21
Let u(m) = 48*m + 1. Calculate u(-1).
-47
Let x(b) = -3*b**2 + b - 10. Determine x(3).
-34
Let p(c) = -c**2 - 2*c + 10. Calculate p(-4).
2
Let u(v) = 5*v**3 + 30*v**2 - 5*v - 18. Determine u(-6).
12
Let x(k) = k**2 + 12*k - 6. Give x(-11).
-17
Let v(f) = 4*f + 8. Determine v(-4).
-8
Let k(p) = -13*p**3 + 3*p**2 + 5*p + 2. Determine k(-2).
108
Let m(w) = w**2 + 7*w - 77. Determine m(0).
-77
Let u(r) = -r**3 - 9*r**2 - 3*r - 4. Determine u(-9).
23
Let i(n) = -9*n + 117. Calculate i(14).
-9
Let c(r) = -r**3 - 21*r**2 + 42*r - 92. Give c(-23).
0
Let n(l) = l - 8. Give n(-6).
-14
Let m(k) = k - 13. Determine m(25).
12
Let h(p) = 3*p - 6. What is h(7)?
15
Let m(o) = 131*o + 1840. Determine m(-14).
6
Let s(v) = v**2 + 13*v - 85. Give s(-18).
5
Let w(m) = -7*m**3 + 2*m**2 + 12*m - 15. What is w(1)?
-8
Let j(z) = -z**3 + 3*z**2 - 7. Calculate j(3).
-7
Let j(p) = -10*p**2 - 2*p. What is j(2)?
-44
Let n(b) = b**3 - 7*b**2 - 9. Calculate n(7).
-9
Let h(v) = -2*v**3 - 37*v**2 + 18*v - 3. Determine h(-19).
16
Let o(n) = 2*n + 5. What is o(1)?
7
Let h(y) = -y**3 + 4*y**2 - 4*y + 2. Determine h(2).
2
Let l(k) = -k**3 - 13*k**2 - 37*k - 21. Determine l(-9).
-12
Let a(w) = 2*w**2 - 5*w + 1. What is a(5)?
26
Let a(u) = -15*u**3 - 1. Calculate a(1).
-16
Let y(s) = s**3 + 26*s**2 + 7*s + 188. What is y(-26)?
6
Let t(b) = b**3 - 2*b**2 - 15*b - 1. What is t(0)?
-1
Let o(q) = -7*q**3 + q**2 + 5*q + 5. Calculate o(-2).
55
Let n(t) = 2*t**2 - t - 3. Calculate n(0).
-3
Let m(i) = i**2 + 23*i + 79. Give m(-18).
-11
Let g(k) = -3*k + 34. Determine g(10).
4
Let s(w) = -6*w**2 - 53*w + 7. Give s(-9).
-2
Let z(y) = y**3 - 13*y**2 - 3*y + 36. Give z(13).
-3
Let b(o) = o**3 + 4*o**2 + 2*o - 1. What is b(-2)?
3
Let m(k) = k**3 - 7*k**2 + 7*k + 15. Give m(5).
0
Let z(d) = d**2 - 2*d + 10. What is z(4)?
18
Let u(v) = -v**3 - 9*v**2 + 74*v + 55. Give u(-14).
-1
Let z(y) = -32*y + 1. What is z(-1)?
33
Let h(x) = 4*x - 39. Calculate h(15).
21
Let t(k) = 3*k - 38. What is t(-6)?
-56
Let g(p) = p**3 + 6*p**2 + 5*p - 3. What is g(-5)?
-3
Let f(a) = 10*a**2 + a - 2. Give f(-2).
36
Let q(u) = -u**3 - 8*u**2 - 12*u + 3. What is q(-8)?
99
Let i(z) = 34*z**3 + 2*z**2 - z - 2. Give i(-1).
-33
Let b(q) = 5*q + 8. Determine b(-6).
-22
Let g(z) = -z**3 - 6*z**2 - 7*z - 21. Give g(-4).
-25
Let g(k) = -k**3 + 3*k**2 + 6*k + 12. Determine g(5).
-8
Let u(j) = 27*j**3 + 4*j**2 + 5*j + 1. Calculate u(-1).
-27
Let j(p) = -26*p - 25. What is j(-5)?
105
Let l(a) = -4*a + 116. Give l(27).
8
Let p(i) = -2*i**2 - 24*i + 93. Give p(5).
-77
Let a(f) = -f + 6. Determine a(-3).
9
Let j(i) = -i**3 + 4*i**2 + i + 5. Give j(5).
-15
Let u(r) = -r**2 + 8*r + 71. Calculate u(13).
6
Let v(o) = o**3 - 11*o**2 - 11*o - 14. What is v(12)?
-2
Let a(h) = -h**3 - 6*h**2 - 2. Calculate a(-7).
47
Let i(v) = -3*v - 54. Calculate i(-11).
-21
Let l(f) = 7*f + 47. Determine l(6).
89
Let j(o) = o**2 + o - 8. Give j(-6).
22
Let m(p) = p**3 - 5*p**2 - 3*p + 17. Calculate m(5).
2
Let w(c) = -2*c**2 - 5*c - 2. Give w(-3).
-5
Let u(d) = -2*d**2 - 3*d + 1. Calculate u(-3).
-8
Let t(v) = -3*v**2 - 3*v + 9. Give t(5).
-81
Let l(a) = -a**3 - 3*a**2 + 15*a - 11. What is l(-6)?
7
Let q(o) = 4*o - 11. What is q(3)?
1
Let w(m) = -m**3 - 4*m**2 + 33*m + 5. Calculate w(-8).
-3
Let a(j) = -2*j - 8. Give a(-7).
6
Let j(w) = -w**3 - 7*w**2 + 8*w - 1. Calculate j(-8).
-1
Let q(n) = -2*n + 23. What is q(17)?
-11
Let z(h) = 10*h**3 - 4*h**2 + h + 1. Calculate z(1).
8
Let v(f) = -f**3 - 17*f**2 + 2*f + 39. Determine v(-17).
5
Let j(t) = -4*t - 6. Calculate j(-6).
18
Let w(n) = -5*n**2 - 26*n + 58. What is w(2)?
-14
Let m(h) = -35*h - 140. Give m(-6).
70
Let y(f) = -2*f + 8. What is y(5)?
-2
Let w(h) = 18*h + 29. Determine w(-3).
-25
Let g(s) = -s**3 - 5*s**2 + 6*s + 2. What is g(-6)?
2
Let h(f) = -f**3 - 6*f - 19. Determine h(0).
-19
Let g(h) = 2*h**3 + 26*h**2 + 46*h + 26. Give g(-11).
4
Let g(n) = -6*n. Determine g(3).
-18
Let k(w) = 22*w - 17. What is k(1)?
5
Let w(x) = -x**3 - 9*x**2 - 10*x - 12. What is w(-8)?
4
Let r(j) = 21*j - 9. Determine r(1).
12
Let v(d) = -d**2 + 20*d + 59. Determine v(22).
15
Let k(b) = b**2 + b + 5. Give k(-4).
17
Let q(j) = -j**2 + 5*j + 5. Calculate q(6).
-1
Let b(s) = -4*s + 3. Determine b(2).
-5
Let j(n) = 2*n**3 - n**2 - 6*n + 10. What is j(2)?
10
Let d(s) = 2*s**2 + 57*s - 228. Calculate d(-32).
-4
Let p(d) = d - 3. Calculate p(-5).
-8
Let a(w) = -3*w**3 + 6*w**2 - w - 5. Determine a(4).
-105
Let a(j) = 8*j + 32. Give a(-4).
0
Let d(u) = 27*u**2 - 2*u - 3. Calculate d(-1).
26
Let s(w) = -w**3 - 7*w**2 + 9*w + 19. Calculate s(-6).
-71
Let j(z) = 5*z + 3. What is j(6)?
33
Let p(j) = -5*j - 17. Calculate p(-6).
13
Let d(b) = 2*b**2 + 2*b - 2. Give d(3).
22
Let m(y) = 157*y - 314. Give m(2).
0
Let o(q) = q. What is o(-2)?
-2
Let y(u) = u**3 - 7*u**2 - 10*u - 3. What is y(8)?
-19
Let w(u) = u**3 - 3*u**2 + 3*u - 3. Give w(2).
-1
Let f(b) = 2*b**2 - 17*b + 20. Determine f(6).
-10
Let f(v) = -v - 3. Determine f(-15).
12
Let z(q) = q - 25. Determine z(-2).
-27
Let v(j) = -12*j - 2. Give v(-3).
34
Let l(x) = 13*x - 3. Give l(-2).
-29
Let w(c) = -c**2 - 20*c - 65. Calculate w(-7).
26
Let y(l) = l**3 - 4*l**2 - 7*l - 33. Give y(6).
-3
Let s(m) = -m**2 - 16*m + 16. Calculate s(-17).
-1
Let l(j) = -2*j**3 + 8*j**2 + 39*j - 144. Give l(5).
1
Let n(v) = -4*v**2 - 13*v + 4. Calculate n(-4).
-8
Let l(s) = -10*s**2 - 6*s - 6. Give l(-2).
-34
Let l(m) = -105*m + 108. Give l(1).
3
Let c(n) = -2*n - 7. Calculate c(7).
-21
Let p(k) = -2*k - 1. What is p(5)?
-11
Let t(h) = -2*h**3 + 21*h**2 - 2*h - 5. What is t(10)?
75
Let r(c) = -7*c**2 - 36*c - 2. Determine r(-5).
3
Let w(g) = -g**2 + 4*g - 3. Calculate w(5).
-